{"id":3720,"date":"2025-09-29T05:47:20","date_gmt":"2025-09-29T05:47:20","guid":{"rendered":"https:\/\/pmabelize.com\/belize\/?page_id=3720"},"modified":"2025-11-20T17:05:42","modified_gmt":"2025-11-20T17:05:42","slug":"michele-hibbert","status":"publish","type":"page","link":"https:\/\/pmabelize.com\/belize\/michele-hibbert\/","title":{"rendered":"Michele Hibbert"},"content":{"rendered":"\t\t<div data-elementor-type=\"wp-page\" data-elementor-id=\"3720\" class=\"elementor elementor-3720\" data-elementor-post-type=\"page\">\n\t\t\t\t\t\t<section class=\"elementor-section elementor-top-section elementor-element elementor-element-3456804 elementor-section-boxed elementor-section-height-default elementor-section-height-default\" data-id=\"3456804\" data-element_type=\"section\" data-settings=\"{&quot;background_background&quot;:&quot;classic&quot;}\">\n\t\t\t\t\t\t\t<div class=\"elementor-background-overlay\"><\/div>\n\t\t\t\t\t\t\t<div class=\"elementor-container elementor-column-gap-default\">\n\t\t\t\t\t<div class=\"elementor-column elementor-col-100 elementor-top-column elementor-element elementor-element-e59ce00\" data-id=\"e59ce00\" data-element_type=\"column\">\n\t\t\t<div class=\"elementor-widget-wrap\">\n\t\t\t\t\t\t\t<\/div>\n\t\t<\/div>\n\t\t\t\t\t<\/div>\n\t\t<\/section>\n\t\t\t\t<section class=\"elementor-section elementor-top-section elementor-element elementor-element-5e6415a8 elementor-section-boxed elementor-section-height-default elementor-section-height-default\" data-id=\"5e6415a8\" data-element_type=\"section\">\n\t\t\t\t\t\t<div class=\"elementor-container elementor-column-gap-default\">\n\t\t\t\t\t<div class=\"elementor-column elementor-col-50 elementor-top-column elementor-element elementor-element-243747ba\" data-id=\"243747ba\" data-element_type=\"column\">\n\t\t\t<div class=\"elementor-widget-wrap\">\n\t\t\t\t\t\t\t<\/div>\n\t\t<\/div>\n\t\t\t\t<div class=\"elementor-column elementor-col-50 elementor-top-column elementor-element elementor-element-b6fe2b4\" data-id=\"b6fe2b4\" data-element_type=\"column\">\n\t\t\t<div class=\"elementor-widget-wrap elementor-element-populated\">\n\t\t\t\t\t\t<div class=\"elementor-element elementor-element-c0a9927 elementor-widget elementor-widget-heading\" data-id=\"c0a9927\" data-element_type=\"widget\" data-widget_type=\"heading.default\">\n\t\t\t\t\t<h2 class=\"elementor-heading-title elementor-size-default\">Michele Hibbert <\/h2>\t\t\t\t<\/div>\n\t\t\t\t\t<\/div>\n\t\t<\/div>\n\t\t\t\t\t<\/div>\n\t\t<\/section>\n\t\t\t\t<section class=\"elementor-section elementor-top-section elementor-element elementor-element-dadb093 elementor-section-boxed elementor-section-height-default elementor-section-height-default\" data-id=\"dadb093\" data-element_type=\"section\">\n\t\t\t\t\t\t<div class=\"elementor-container elementor-column-gap-default\">\n\t\t\t\t\t<div class=\"elementor-column elementor-col-50 elementor-top-column elementor-element elementor-element-5631000\" data-id=\"5631000\" data-element_type=\"column\">\n\t\t\t<div class=\"elementor-widget-wrap elementor-element-populated\">\n\t\t\t\t\t\t<div class=\"elementor-element elementor-element-e72a067 elementor-widget elementor-widget-image\" data-id=\"e72a067\" data-element_type=\"widget\" data-widget_type=\"image.default\">\n\t\t\t\t\t\t\t\t\t\t\t\t\t\t\t<img fetchpriority=\"high\" decoding=\"async\" width=\"300\" height=\"292\" src=\"https:\/\/pmabelize.com\/belize\/wp-content\/uploads\/2025\/09\/team_02_1.png\" class=\"attachment-large size-large wp-image-3414\" alt=\"\" \/>\t\t\t\t\t\t\t\t\t\t\t\t\t\t\t<\/div>\n\t\t\t\t<div class=\"elementor-element elementor-element-2c4ad6e elementor-widget elementor-widget-text-editor\" data-id=\"2c4ad6e\" data-element_type=\"widget\" data-widget_type=\"text-editor.default\">\n\t\t\t\t\t\t\t\t\t<p style=\"text-align: center;\"><strong>E.mail:<\/strong>\u00a0<a href=\"mailto:mhibbert@pmalawyers.com\">mhibbert@pmalawyers.com<\/a><\/p>\t\t\t\t\t\t\t\t<\/div>\n\t\t\t\t<div class=\"elementor-element elementor-element-368d213 elementor-widget elementor-widget-text-editor\" data-id=\"368d213\" data-element_type=\"widget\" data-widget_type=\"text-editor.default\">\n\t\t\t\t\t\t\t\t\t<p><strong>MEMBER<\/strong><\/p><ul><li>Panamanian Bar Association<\/li><li>Participant member of BVI Finance<\/li><li>Worldwide Association of Female Professionals<\/li><li>Former member of Kiwanis Club Las Perlas Panama<\/li><li>Association of Registered Agents of the British Virgin Islands (ARA BVI) \u2013 Education Chair 2025-2026<\/li><\/ul><p><strong>LANGUAGES<\/strong><\/p><ul><li>Spanish<\/li><li>English<\/li><\/ul>\t\t\t\t\t\t\t\t<\/div>\n\t\t\t\t<div class=\"elementor-element elementor-element-478efb2 e-grid-align-left elementor-shape-rounded elementor-grid-0 elementor-widget elementor-widget-social-icons\" data-id=\"478efb2\" data-element_type=\"widget\" data-widget_type=\"social-icons.default\">\n\t\t\t\t\t\t\t<div class=\"elementor-social-icons-wrapper elementor-grid\">\n\t\t\t\t\t\t\t<span class=\"elementor-grid-item\">\n\t\t\t\t\t<a class=\"elementor-icon elementor-social-icon elementor-social-icon-linkedin elementor-repeater-item-5505f05\" href=\"https:\/\/www.linkedin.com\/in\/michele-hibbert-68180636\/?originalSubdomain=pa\" target=\"_blank\">\n\t\t\t\t\t\t<span class=\"elementor-screen-only\">Linkedin<\/span>\n\t\t\t\t\t\t<svg aria-hidden=\"true\" class=\"e-font-icon-svg e-fab-linkedin\" viewBox=\"0 0 448 512\" xmlns=\"http:\/\/www.w3.org\/2000\/svg\"><path d=\"M416 32H31.9C14.3 32 0 46.5 0 64.3v383.4C0 465.5 14.3 480 31.9 480H416c17.6 0 32-14.5 32-32.3V64.3c0-17.8-14.4-32.3-32-32.3zM135.4 416H69V202.2h66.5V416zm-33.2-243c-21.3 0-38.5-17.3-38.5-38.5S80.9 96 102.2 96c21.2 0 38.5 17.3 38.5 38.5 0 21.3-17.2 38.5-38.5 38.5zm282.1 243h-66.4V312c0-24.8-.5-56.7-34.5-56.7-34.6 0-39.9 27-39.9 54.9V416h-66.4V202.2h63.7v29.2h.9c8.9-16.8 30.6-34.5 62.9-34.5 67.2 0 79.7 44.3 79.7 101.9V416z\"><\/path><\/svg>\t\t\t\t\t<\/a>\n\t\t\t\t<\/span>\n\t\t\t\t\t<\/div>\n\t\t\t\t\t\t<\/div>\n\t\t\t\t\t<\/div>\n\t\t<\/div>\n\t\t\t\t<div class=\"elementor-column elementor-col-50 elementor-top-column elementor-element elementor-element-f4e680e\" data-id=\"f4e680e\" data-element_type=\"column\">\n\t\t\t<div class=\"elementor-widget-wrap elementor-element-populated\">\n\t\t\t\t\t\t<div class=\"elementor-element elementor-element-f133900 elementor-widget elementor-widget-text-editor\" data-id=\"f133900\" data-element_type=\"widget\" data-widget_type=\"text-editor.default\">\n\t\t\t\t\t\t\t\t\t<p>Michele Hibbert is currently appointed as Executive Director for the British Virgin Islands overseeing day-to-day operations, providing advice to the board on industry and regulatory developments as well as general corporate matters. She actively engages and maintains relationships with all key groups, agencies, and organizations, acting as the liaison between the company, regulators, government authorities, as well as fellow colleagues. Michele is also responsible for developing AML\/CFT risk-based strategies ensuring that regulatory requirements are met for operations in the British Virgin Islands, the Bahamas, and Anguilla.<\/p><p>Michele has long and comprehensive experience in the corporate and financial market. Prior to joining PMA, Michele was head of several in-house legal teams for leading multinational companies, developing and restructuring resources to achieve more cost-efficient internal legal services. She was involved in high level projects, including the negotiation for the interconnection of telecommunications and networks expansion agreements in Panama, the acquisition of two leading gaming companies, and the execution of the building material supply agreement for the construction of Panama\u2019s Metro System Line 1 and the Panama Canal Third Set of Locks Expansion Project.<\/p><p>Michele qualified as a Panamanian lawyer in 2002, receiving her bachelor degree in Law and Political Science and LLM in Corporate Law with honors from Universidad Catolica Santa Maria La Antigua. Additional studies include: Master in Alternative Dispute Resolution from Universidad Tecnol\u00f3gica de Panam\u00e1, Master in Tax Law from Universidad Especializada de Contadores P\u00fablicos Autorizados, Master in Administration and Business Direction, EGADE Business School- Tecnol\u00f3gico De Monterrey. Also, further specialization through the Executive Management Program from YALE University School of Management.<\/p>\t\t\t\t\t\t\t\t<\/div>\n\t\t\t\t\t<\/div>\n\t\t<\/div>\n\t\t\t\t\t<\/div>\n\t\t<\/section>\n\t\t\t\t<\/div>\n\t\t","protected":false},"excerpt":{"rendered":"<p>Michele Hibbert E.mail:\u00a0mhibbert@pmalawyers.com MEMBER Panamanian Bar Association Participant member of BVI Finance Worldwide Association of Female Professionals Former member of Kiwanis Club Las Perlas Panama Association of Registered Agents of the British Virgin Islands (ARA BVI) \u2013 Education Chair 2025-2026 LANGUAGES Spanish English Linkedin Michele Hibbert is currently appointed as Executive Director for the British [&hellip;]<\/p>\n","protected":false},"author":2,"featured_media":0,"parent":0,"menu_order":0,"comment_status":"closed","ping_status":"closed","template":"elementor_header_footer","meta":{"footnotes":""},"class_list":["post-3720","page","type-page","status-publish","hentry"],"_links":{"self":[{"href":"https:\/\/pmabelize.com\/belize\/wp-json\/wp\/v2\/pages\/3720","targetHints":{"allow":["GET"]}}],"collection":[{"href":"https:\/\/pmabelize.com\/belize\/wp-json\/wp\/v2\/pages"}],"about":[{"href":"https:\/\/pmabelize.com\/belize\/wp-json\/wp\/v2\/types\/page"}],"author":[{"embeddable":true,"href":"https:\/\/pmabelize.com\/belize\/wp-json\/wp\/v2\/users\/2"}],"replies":[{"embeddable":true,"href":"https:\/\/pmabelize.com\/belize\/wp-json\/wp\/v2\/comments?post=3720"}],"version-history":[{"count":37,"href":"https:\/\/pmabelize.com\/belize\/wp-json\/wp\/v2\/pages\/3720\/revisions"}],"predecessor-version":[{"id":4391,"href":"https:\/\/pmabelize.com\/belize\/wp-json\/wp\/v2\/pages\/3720\/revisions\/4391"}],"wp:attachment":[{"href":"https:\/\/pmabelize.com\/belize\/wp-json\/wp\/v2\/media?parent=3720"}],"curies":[{"name":"wp","href":"https:\/\/api.w.org\/{rel}","templated":true}]}}